*c + 501. Calculate g(-5).
-3914
Let s(c) = -3*c**3 + 48*c**2 - 197*c + 3860. What is s(18)?
-1630
Let j(v) = 2*v**2 - 765*v - 4665. What is j(-6)?
-3
Let p(k) = k**3 + 10*k**2 - 8562*k - 60074. Calculate p(-7).
7
Let q(r) = -r**3 + 27*r**2 - 58*r + 245. What is q(25)?
45
Let k(a) = -2*a**3 + 233*a**2 - 2764*a + 248. Calculate k(103).
1999
Let r(z) = -z**2 - 574*z + 8313. Calculate r(14).
81
Let m(p) = -p**2 + 231*p + 3482. Determine m(-16).
-470
Let k(f) = f**2 - 385*f + 21181. Give k(319).
127
Let n(k) = 1065*k - 16844. Calculate n(16).
196
Let c(t) = -510385*t + 510389. Calculate c(1).
4
Let i(u) = -u**3 + 95*u**2 + 277*u - 5143. Calculate i(97).
2908
Let d(i) = 16*i**3 + 3403*i**2 + 2331*i - 517. Determine d(-212).
-305
Let m(a) = -4286*a + 28. Calculate m(0).
28
Let r(p) = -13*p**2 + 1058*p - 12958. Give r(15).
-13
Let h(i) = -4*i**2 - 185*i + 382. Determine h(-46).
428
Let b(y) = -10*y**3 + 21*y**2 + 180*y + 272. Calculate b(-3).
191
Let n(q) = -49*q**3 - 2213*q**2 - 358*q - 53. Calculate n(-45).
-143
Let c(l) = -238423*l + 1430569. Determine c(6).
31
Let u(s) = -84*s**3 - 24*s**2 + 197*s - 174. Give u(1).
-85
Let k(r) = r**3 + 8*r**2 - 15*r + 211. Determine k(-14).
-755
Let d(h) = h**2 - 2315*h + 11547. Give d(5).
-3
Let n(d) = d**2 + 11763*d + 6950746. What is n(-624)?
10
Let o(j) = 161*j + 3034. Determine o(-37).
-2923
Let r(w) = -3*w**2 - 155*w + 3180. What is r(19)?
-848
Let t(u) = u**2 - 4083*u - 152414. Determine t(-37).
26
Let a(j) = -j**3 + 43*j**2 + 260*j - 188. Give a(-6).
16
Let a(h) = -h**3 - 477*h**2 + 1441*h + 481. Give a(-480).
1
Let t(b) = -3*b**3 - 21*b**2 - 50*b - 148. What is t(-4)?
-92
Let p(i) = -47235*i - 95091. Calculate p(-2).
-621
Let m(v) = 899*v**2 - 927*v - 2. Calculate m(1).
-30
Let o(s) = -s**3 + 110*s**2 - 2991*s + 278. Give o(49).
180
Let y(g) = 4*g**2 + 1099*g - 6506. Give y(6).
232
Let a(b) = -89219*b + 535417. Give a(6).
103
Let t(y) = -y**3 - 14*y**2 + 403*y + 3925. Determine t(-24).
13
Let j(x) = 11*x**3 + 7*x**2 + 343*x + 1685. Calculate j(-5).
-1230
Let d(c) = -3*c**2 - 594*c + 3535. Calculate d(6).
-137
Let g(p) = -166379*p + 998221. Calculate g(6).
-53
Let u(k) = 133*k + 20394. Determine u(-151).
311
Let t(s) = -140*s - 3604. Calculate t(-34).
1156
Let a(p) = 2630*p + 23236. Calculate a(-9).
-434
Let j(b) = b**3 + 10*b**2 - 6*b - 243. Determine j(-5).
-88
Let n(s) = 249995*s - 2499929. Determine n(10).
21
Let y(h) = h**3 - 18*h**2 - 205*h - 106. Determine y(26).
-28
Let d(g) = 3*g**2 - 1886*g + 146754. Determine d(91).
-29
Let m(q) = -1485135*q - 4455397. Give m(-3).
8
Let y(v) = -267*v - 8733. Calculate y(-33).
78
Let y(d) = 223*d**2 + 3458*d - 1754. Give y(-16).
6
Let f(m) = -3269*m + 42288. Determine f(13).
-209
Let o(f) = -13734*f - 124390. Calculate o(-9).
-784
Let w(y) = 61*y**2 - 833*y + 13. Calculate w(13).
-507
Let w(r) = 78907*r - 631209. Calculate w(8).
47
Let x(l) = 4*l**2 - 241*l - 124. What is x(60)?
-184
Let k(d) = -43*d**2 - 10*d + 67. Determine k(6).
-1541
Let h(o) = -o**3 - 101*o**2 + 368*o + 16569. What is h(-103)?
-117
Let r(z) = -z**3 - 32*z**2 + 230*z - 10414. What is r(-43)?
35
Let i(m) = -29417*m - 1117862. Calculate i(-38).
-16
Let g(k) = 4*k**3 + 99*k**2 + 389*k - 2873. Give g(-13).
13
Let j(q) = -2*q**2 - 979*q + 8976. Determine j(9).
3
Let z(m) = -m**3 - 91*m**2 - 333*m + 727. Calculate z(-87).
-578
Let r(c) = -80640*c + 29030405. Calculate r(360).
5
Let w(m) = 794*m + 151655. Calculate w(-191).
1
Let t(l) = -l**3 - 58*l**2 - 43*l + 1213. Determine t(-57).
415
Let l(x) = -2*x**2 - 71*x - 522. Give l(-25).
3
Let m(w) = w**3 - 94*w**2 + 606*w + 21. Calculate m(7).
0
Let g(z) = z**3 + 182*z**2 - 539*z + 2968. Calculate g(-185).
8
Let z(x) = x**2 + 215*x - 5485. Calculate z(23).
-11
Let z(f) = 9844*f - 38448. Determine z(4).
928
Let u(z) = -14*z**2 - 39*z - 230. Calculate u(-6).
-500
Let h(t) = -15359*t - 3332876. What is h(-217)?
27
Let w(k) = -592*k**2 - 110109*k + 571. Determine w(-186).
13
Let v(b) = 378*b + 56658. Calculate v(-150).
-42
Let p(o) = -13*o + 113. Determine p(-55).
828
Let t(g) = 1562*g + 19195. Determine t(-12).
451
Let t(i) = 13729*i - 12850343. What is t(936)?
1
Let w(i) = 138*i**2 + 1139*i - 10. Give w(-8).
-290
Let i(j) = -j**3 + 22*j**2 - 224*j + 4868. Give i(22).
-60
Let n(h) = 4*h**2 - 1459*h - 27952. Determine n(383).
7
Let y(q) = 5*q**3 + 415*q**2 + 3*q + 2725. Determine y(-83).
2476
Let j(g) = 1100014*g - 2200018. What is j(2)?
10
Let t(z) = z**3 + 37727*z**2 - 490616*z - 55. What is t(13)?
-3
Let z(b) = 496*b**3 + b**2 + 265*b + 263. Determine z(-1).
-497
Let y(j) = 3*j**3 + 129*j**2 - 96*j - 4139. Calculate y(-43).
-11
Let i(d) = d**3 + 38*d**2 - 1355*d. Give i(21).
-2436
Let a(r) = 1757*r + 114219. What is a(-65)?
14
Let a(n) = 4*n**2 + 57*n - 3658. Give a(16).
-1722
Let d(w) = -958922*w + 10548116. Give d(11).
-26
Let g(j) = -9*j**2 - 28*j + 190. Calculate g(15).
-2255
Let b(t) = -1444*t + 28828. Give b(20).
-52
Let r(g) = 60*g - 1698. Give r(31).
162
Let g(n) = 45*n - 4486. Give g(100).
14
Let n(t) = 1352*t - 8177. Give n(5).
-1417
Let i(y) = -8*y**2 + 149*y - 84. Calculate i(17).
137
Let a(m) = m**3 + 366*m**2 - 9771*m + 1538. Determine a(-391).
-26
Let r(f) = -f**3 - 49*f**2 + 259*f - 509. Determine r(-54).
85
Let m(s) = 76*s**2 - 5409*s + 5408. What is m(1)?
75
Let w(u) = -4*u**3 + 39*u**2 + 34*u + 215. Determine w(11).
-16
Let r(f) = -94641*f + 851788. Calculate r(9).
19
Let v(w) = 3617*w**2 - 50742*w - 34. Give v(14).
-1490
Let p(m) = m**3 - 165*m**2 - 178*m - 357. Give p(166).
-2349
Let j(k) = -k**3 - 220*k**2 - 48*k - 10752. What is j(-220)?
-192
Let r(i) = 2*i**2 - 42*i - 266. Calculate r(-6).
58
Let o(p) = 2*p**3 + 4*p**2 - 156*p - 31. Calculate o(-12).
-1039
Let o(g) = 14*g**2 - 191*g - 2. Give o(8).
-634
Let y(m) = -14881*m - 684591. Give y(-46).
-65
Let q(o) = o**3 - 344*o**2 - 1415*o - 42. Calculate q(-4).
50
Let a(x) = 64675*x + 9442554. What is a(-146)?
4
Let n(l) = -3*l**3 - 1542*l**2 - 3077*l + 15. What is n(-2)?
25
Let i(w) = -w**3 + 58*w**2 - 42*w - 195. Determine i(57).
660
Let t(c) = -21*c**3 + 1343*c**2 + 127*c - 4029. Give t(64).
3
Let r(m) = 3282*m - 571056. Calculate r(174).
12
Let w(x) = -x**2 - 1768*x + 81405. Give w(45).
-180
Let j(l) = l**3 + 52*l**2 - 677*l + 1056. Determine j(-63).
48
Let t(h) = -47307*h - 993443. Determine t(-21).
4
Let z(q) = 977*q**2 - 103562*q + 187. Give z(106).
187
Let k(t) = 16*t**3 + 97*t**2 - 636*t - 60. Calculate k(-10).
0
Let a(b) = 420*b - 71406. Give a(170).
-6
Let m(j) = 2*j**3 + 45*j**2 + 64*j + 521. What is m(-21)?
500
Let g(n) = -2321*n + 7029. Determine g(3).
66
Let o(b) = -3*b**3 - 77*b**2 + 86*b - 68. Calculate o(-27).
526
Let u(p) = -74*p + 516. What is u(6)?
72
Let d(l) = -l**3 + 338*l**2 + 310*l + 9801. Determine d(339).
-30
Let o(b) = 2805*b - 29944. Give o(12).
3716
Let p(j) = -200*j**2 + 354*j + 10. Determine p(6).
-5066
Let m(p) = -4889*p + 1901827. Calculate m(389).
6
Let b(a) = -531617*a + 531626. Give b(1).
9
Let f(s) = 35*s**2 - 6288*s + 36472. Calculate f(6).
4
Let p(h) = -39949*h + 39914. Calculate p(1).
-35
Let u(n) = 2*n**3 + 103*n**2 - 16815*n + 489. What is u(-121)?
5
Let i(p) = 10244*p - 1188227. Give i(116).
77
Let o(t) = 17319*t + 415677. Calculate o(-24).
21
Let g(k) = -1236*k + 4947. What is g(4)?
3
Let z(g) = 17*g**2 - 116*g - 64. Calculate z(7).
-43
Let i(y) = 220*y - 5978. What is i(20)?
-1578
Let o(a) = 34117*a - 238865. Calculate o(7).
-46
Let o(m) = 2*m**2 - 6480*m + 1164714. What is o(191)?
-4
Let l(k) = -k**3 + 40*k**2 + 762*k - 169. What is l(54)?
155
Let n(k) = k**3 - 175*k**2 + 332*k + 2669. Calculate n(173).
247
Let n(i) = -3*i**3 - 5*i**2 - 194*i + 813. Determine n(4).
-235
Let g(c) = c**2 - 1757*c - 21555. What is g(-12)?
-327
Let n(j) = -541*j**2 - 87090*j + 1771. Give n(-161).
0
Let c(u) = -56037*u - 6612364. Give c(-118).
2
Let q(i) = -8*i**2 + 869*i - 6104. What is q(7)?
-413
Let z(a) = -40*a**2 + 78*a + 156. Calculate z(-8).
-3028
Let u(v) = -3*v**2 - 255*v - 7253. Calculate u(-41).
-1841
Let a(o) = -3*o**3 - 58*o**2 - 37*o - 344. Determine a(-19).
-2
Let f(d) = -d**3 + 57*d**2 - 57*d + 230. Determine f(56).
174
Let h(a) = 28*a**2 - 5*a + 242. Determine h(0).
242
Let t(w) = 8027*w - 47939. What is t(6)?
223
Let a(k) = 764*k + 1